6.
2, 3, 229939
What are the prime factors of 9055993?
9055993
What are the prime factors of 2364807?
3, 53, 107, 139
What are the prime factors of 20667373?
20667373
List the prime factors of 4013786.
2, 7, 5851
What are the prime factors of 5457348?
2, 3, 13, 23
List the prime factors of 2075853.
3, 13, 17, 31, 101
What are the prime factors of 17638399?
2339, 7541
List the prime factors of 854510.
2, 5, 85451
List the prime factors of 12942743.
11, 19, 61927
List the prime factors of 6309986.
2, 103, 30631
List the prime factors of 2059814.
2, 1029907
What are the prime factors of 22236?
2, 3, 17, 109
What are the prime factors of 1233186?
2, 3, 47, 4373
List the prime factors of 323828.
2, 73, 1109
List the prime factors of 3864974.
2, 1932487
What are the prime factors of 306435?
3, 5, 31, 659
What are the prime factors of 4879335?
3, 5, 23, 14143
What are the prime factors of 1388998?
2, 13, 41, 1303
What are the prime factors of 8494824?
2, 3, 13, 19, 1433
List the prime factors of 302374.
2, 31, 4877
What are the prime factors of 284888?
2, 149, 239
List the prime factors of 241160.
2, 5, 6029
List the prime factors of 528117.
3, 401, 439
List the prime factors of 336579.
3, 151, 743
What are the prime factors of 22758797?
22758797
What are the prime factors of 1432532?
2, 23, 677
List the prime factors of 6158668.
2, 211, 7297
What are the prime factors of 2409778?
2, 7, 172127
What are the prime factors of 14153200?
2, 5, 41, 863
What are the prime factors of 7169871?
3, 67, 35671
What are the prime factors of 1343547?
3, 19, 97
List the prime factors of 2244543.
3, 7, 15269
What are the prime factors of 2926946?
2, 11, 233, 571
What are the prime factors of 6478112?
2, 202441
What are the prime factors of 196640?
2, 5, 1229
What are the prime factors of 2666458?
2, 83, 16063
List the prime factors of 776762.
2, 7, 113, 491
List the prime factors of 3176521.
191, 16631
List the prime factors of 7078298.
2, 19, 186271
List the prime factors of 1098837.
3, 83, 1471
List the prime factors of 354432.
2, 3, 13, 71
What are the prime factors of 578761?
449, 1289
What are the prime factors of 888017?
13, 83, 823
What are the prime factors of 5736?
2, 3, 239
What are the prime factors of 245889?
3, 7, 1301
List the prime factors of 1432549.
1432549
List the prime factors of 9012246.
2, 3, 1502041
What are the prime factors of 1729952?
2, 7, 7723
What are the prime factors of 5848231?
1151, 5081
List the prime factors of 99715.
5, 7, 11, 37
List the prime factors of 13982190.
2, 3, 5, 466073
List the prime factors of 144109.
7, 17, 173
List the prime factors of 14327666.
2, 23, 331, 941
What are the prime factors of 179181?
3, 43, 463
List the prime factors of 7496139.
3, 7, 356959
List the prime factors of 4176245.
5, 835249
What are the prime factors of 217498?
2, 17, 6397
What are the prime factors of 52815?
3, 5, 7, 503
What are the prime factors of 300832?
2, 7, 17, 79
What are the prime factors of 4520478?
2, 3, 227, 3319
What are the prime factors of 570864?
2, 3, 7, 1699
What are the prime factors of 13020185?
5, 23, 43, 2633
List the prime factors of 1167475.
5, 17, 41, 67
List the prime factors of 1747130.
2, 5, 7, 11, 2269
List the prime factors of 7652575.
5, 7, 6247
List the prime factors of 2285063.
11, 43, 4831
List the prime factors of 380882.
2, 157, 1213
List the prime factors of 7571291.
7, 13, 19, 29, 151
List the prime factors of 195451.
241, 811
List the prime factors of 6023430.
2, 3, 5, 7, 3187
List the prime factors of 4060016.
2, 253751
List the prime factors of 142913.
241, 593
List the prime factors of 36518.
2, 19, 31
What are the prime factors of 4061172?
2, 3, 338431
What are the prime factors of 545591?
103, 5297
List the prime factors of 239240.
2, 5, 5981
What are the prime factors of 3073871?
1291, 2381
What are the prime factors of 20922656?
2, 241, 2713
What are the prime factors of 2869796?
2, 717449
What are the prime factors of 273013?
13, 21001
List the prime factors of 346835.
5, 71, 977
List the prime factors of 3851437.
683, 5639
What are the prime factors of 1490746?
2, 47, 15859
List the prime factors of 624592.
2, 103, 379
List the prime factors of 1602144.
2, 3, 5563
What are the prime factors of 2244180?
2, 3, 5, 113, 331
What are the prime factors of 11487168?
2, 3, 7, 11, 37
List the prime factors of 1171395.
3, 5, 8677
List the prime factors of 228866.
2, 11, 101, 103
List the prime factors of 573935.
5, 79, 1453
List the prime factors of 1100632.
2, 13, 19, 557
List the prime factors of 202138.
2, 211, 479
List the prime factors of 2831836.
2, 7, 19, 5323
List the prime factors of 17178545.
5, 37, 92857
List the prime factors of 1100602.
2, 37, 107, 139
List the prime factors of 477871.
23, 79, 263
List the prime factors of 2071638.
2, 3, 71, 1621
List the prime factors of 56791.
7, 19, 61
List the prime factors of 42567904.
2, 19, 53, 1321
List the prime factors of 8279579.
7, 11, 15361
What are the prime factors of 2863927?
11, 19, 71, 193
List the prime factors of 18614873.
18614873
List the prime factors of 40927.
40927
List the prime factors of 3906961.
31, 126031
What are the prime factors of 5028175?
5, 17, 11831
What are the prime factors of 1337440?
2, 5, 13, 643
List the prime factors of 6249256.
2, 13, 60089
What are the prime factors of 4536247?
449, 10103
What are the prime factors of 173587?
17, 10211
What are the prime factors of 1548415?
5, 11, 47, 599
List the prime factors of 979709.
979709
List the prime factors of 463911.
3, 7, 22091
List the prime factors of 119716.
2, 173
List the prime factors of 705889.
29, 101, 241
What are the prime factors of 19162702?
2, 13, 359, 2053
What are the prime factors of 585952?
2, 18311
List the prime factors of 546215.
5, 29, 3767
List the prime factors of 31176665.
5, 13, 293, 1637
List the prime factors of 18016.
2, 563
List the prime factors of 10264514.
2, 13, 41, 9629
What are the prime factors of 61672?
2, 13, 593
List the prime factors of 567444.
2, 3, 47287
List the prime factors of 484233.
3, 161411
List the prime factors of 5121840.
2, 3, 5, 21341
What are the prime factors of 1683759?
3, 7, 11, 37, 197
List the prime factors of 5404250.
2, 5, 21617
What are the prime factors of 6444606?
2, 3, 7, 153443
List the prime factors of 1523942.
2, 7, 199, 547
What are the prime factors of 282461?
282461
What are the prime factors of 1064389?
61, 17449
List the prime factors of 14739303.
3, 4913101
What are the prime factors of 3859659?
3, 428851
List the prime factors of 246523.
246523
List the prime factors of 115013.
115013
List the prime factors of 1754755.
5, 31, 11321
What are the prime factors of 9401780?
2, 5, 470089
What are the prime factors of 4052098?
2, 313, 6473
List the prime factors of 740936.
2, 7, 101, 131
What are the prime factors of 3833339?
3833339
List the prime factors of 2155639.
2155639
What are the prime factors of 367214?
2, 89, 2063
What are the prime factors of 11802147?
3, 7, 562007
List the prime factors of 1013198.
2, 506599
List the prime factors of 4373846.
2, 409, 5347
What are the prime factors of 1137026?
2, 11, 51683
List the prime factors of 45685.
5, 9137
List the prime factors of 2392140.
2, 3, 5, 39869
What are the prime factors of 111444?
2, 3, 37, 251
List the prime factors of 187762.
2, 269, 349
What are the prime factors of 509469?
3, 169823
List the prime factors of 2538327.
3, 11, 76919
List the prime factors of 216857.
37, 5861
What are the prime factors of 668489?
53, 12613
What are the prime factors of 8383761?
3, 931529
What are the prime factors of 592070?
2, 5, 59207
List the prime factors of 41836.
2, 10459
List the prime factors of 484189.
31, 15619
List the prime factors of 135160.
2, 5, 31, 109
What are the prime factors of 350967?
3, 116989
What are the prime factors of 172927?
29, 67, 89
What are the prime factors of 101783?
11, 19, 487
List the prime factors of 22266761.
11, 461, 4391
List the prime factors of 17816226.
2, 3, 163, 18217
What are the prime factors of 636269?
277, 2297
List the prime factors of 7315690.
2, 5, 31, 23599
List the prime factors of 49861.
7, 17, 419
List the prime factors of 553321.
257, 2153
What are the prime factors of 1190048?
2, 37189